{"id":747,"date":"2017-02-06T18:15:14","date_gmt":"2017-02-06T16:15:14","guid":{"rendered":"http:\/\/viertuerme.de\/?page_id=747"},"modified":"2017-02-06T18:17:45","modified_gmt":"2017-02-06T16:17:45","slug":"idee","status":"publish","type":"page","link":"http:\/\/viertuerme.de\/?page_id=747","title":{"rendered":"Idee"},"content":{"rendered":"<p><span style=\"font-family: Encode Sans Narrow,sans-serif;\"><b>Seit 2011 <\/b>ergreifen T\u00fcrme sonntags im Mai das Wort. Mit ihrem Kunstprojekt \u201e4 T\u00fcrme\u201c reflektieren seither Andy Dino Iussa und Olaf Reitz Fragen, die uns alle angehen. P\u00fcnktlich zum einsetzenden Sonnenuntergang wird ein Turm illuminiert. Aus dem Turm ert\u00f6nt dessen Stimme (im Studio aufgenommen), die in Dialog mit uns tritt &#8211; vertreten durch den Schauspieler Reitz. Renommierte Solo-Musiker kommentieren die Collagen aus Literaturfragmenten, die sich aus Texten von Aischylos \u00fcber Shakespeare, Goethe, Brecht bis zu Gegenwartsautoren speisen.<\/span><\/p>\n<p><span style=\"font-family: Encode Sans Narrow,sans-serif;\"><b>Wort &amp; Klang, Atmosph\u00e4re &amp; Begegnung<\/b>: Die Veranstaltungen m\u00fcnden in wundersch\u00f6ne Fr\u00fchsommerabende. Auf dem Vorplatz von Kirche oder Schloss tauschen Besucher, Anwohner und K\u00fcnstler sich in stimmungsvoller Atmosph\u00e4re bei Wein oder Saft und Brot \u00fcber das Erlebte aus. Diese Abende zwischen Theater, Literatur, Performance und Musik sind einzigartig im Land.<\/span><\/p>\n<h1><span style=\"font-family: Encode Sans Narrow,sans-serif;\"><span style=\"font-size: medium;\"><b>Ausweitung ins Bergische Land 2016<\/b><\/span><\/span><\/h1>\n<p><span style=\"font-family: Encode Sans Narrow,sans-serif;\"><b>Das Projekt wurde bergisch<\/b>: Auf Anregung des Kulturfachrates der Regionalen Kulturpolitik haben wir im Mai 2016 nicht nur drei T\u00fcrme in Wuppertal in Szene gesetzt, sondern auch zwei Orte in Remscheid und einen in N\u00fcmbrecht (Schlo\u00df Homburg). Es wurden also sechs statt, wie in den Vorjahren, vier T\u00fcrme bespielt. Und dies erwies sich als gelungene Erweiterung, die wir 2017 fortsetzen wollen: Drei T\u00fcrme in Wuppertal, einer in Remscheid, einer in N\u00fcmbrecht und ein &#8217;neuer&#8216; in Solingen Ohligs . . .<br \/>\n<\/span><\/p>\n<h1><span style=\"font-family: Encode Sans Narrow,sans-serif;\"><span style=\"font-size: medium;\"><b>Pressestimmen<\/b><\/span><\/span><\/h1>\n<p>Die Stiftung Tannenhof holte ein interessantes Kunstprojekt nach L\u00fcttringhausen. Rund hundert Besucher erlebten eine ungew\u00f6hnliche Mischung aus Theater, Literatur und Musik\u201c (L\u00fcttringhauser Anzeiger)<\/p>\n<p>\u201eGelungene Literaturperformance er\u00f6ffnete ein sechsteiliges Kunstprojekt\u201c (Rheinische Post \/ Bergische Morgenpost)<\/p>\n<p>\u201eSehnsucht nach Sicherheit \u2013 Literaturauff\u00fchrung zeigt aktuelles Thema auf\u201c (Sonntagsblatt Ronsdorf\/L\u00fcttringhausen)<\/p>\n<p>\u201eEs war eine ungew\u00f6hnliche Abendstunde, die hoffentlich im n\u00e4chsten Jahr wieder stattfindet. So die einhellige Meinung der G\u00e4ste, die bei Wein und Brot den Abend sichtlich genossen. Dr. Gudrun Sievers-Fl\u00e4gel freute sich dieses ungew\u00f6hnliche Projekt zu Gast zu haben\u201c (Lokal-Anzeiger N\u00fcmbrecht Waldbr\u00f6hl)<\/p>\n<p>\u201eGedankenwelt von Goethe bis Brecht: Die Zuh\u00f6rer waren am Ende der Literatur- und Musikstunde begeistert, dr\u00fcckten ihren Wunsch nach Wiederholung aus\u201c (K\u00f6lnische Rundschau \/ Oberbergische Volkszeitung)<\/p>\n<p>\u201eW\u00e4hrend die Sonne nach und nach verschwand, wurden die nahezu 100 Zuh\u00f6rer von der Atmosph\u00e4re vor dem blau und gr\u00fcn angestrahlten L\u00fcttringhauser Kirchturm immer st\u00e4rker gebannt\u201c (Remscheider General-Anzeiger)<\/p>\n","protected":false},"excerpt":{"rendered":"<p>Seit 2011 ergreifen T\u00fcrme sonntags im Mai das Wort. Mit ihrem Kunstprojekt \u201e4 T\u00fcrme\u201c reflektieren seither Andy Dino Iussa und Olaf Reitz Fragen, die uns alle angehen. P\u00fcnktlich zum einsetzenden Sonnenuntergang wird ein Turm illuminiert. Aus dem Turm ert\u00f6nt dessen &hellip; <a href=\"http:\/\/viertuerme.de\/?page_id=747\">Weiterlesen <span class=\"meta-nav\">&rarr;<\/span><\/a><\/p>\n","protected":false},"author":3,"featured_media":0,"parent":0,"menu_order":0,"comment_status":"closed","ping_status":"closed","template":"","meta":{"footnotes":""},"class_list":["post-747","page","type-page","status-publish","hentry"],"_links":{"self":[{"href":"http:\/\/viertuerme.de\/index.php?rest_route=\/wp\/v2\/pages\/747","targetHints":{"allow":["GET"]}}],"collection":[{"href":"http:\/\/viertuerme.de\/index.php?rest_route=\/wp\/v2\/pages"}],"about":[{"href":"http:\/\/viertuerme.de\/index.php?rest_route=\/wp\/v2\/types\/page"}],"author":[{"embeddable":true,"href":"http:\/\/viertuerme.de\/index.php?rest_route=\/wp\/v2\/users\/3"}],"replies":[{"embeddable":true,"href":"http:\/\/viertuerme.de\/index.php?rest_route=%2Fwp%2Fv2%2Fcomments&post=747"}],"version-history":[{"count":3,"href":"http:\/\/viertuerme.de\/index.php?rest_route=\/wp\/v2\/pages\/747\/revisions"}],"predecessor-version":[{"id":751,"href":"http:\/\/viertuerme.de\/index.php?rest_route=\/wp\/v2\/pages\/747\/revisions\/751"}],"wp:attachment":[{"href":"http:\/\/viertuerme.de\/index.php?rest_route=%2Fwp%2Fv2%2Fmedia&parent=747"}],"curies":[{"name":"wp","href":"https:\/\/api.w.org\/{rel}","templated":true}]}}

<p><span style="font-family: Encode Sans Narrow,sans-serif;"><b>Seit 2011 </b>ergreifen Türme sonntags im Mai das Wort. Mit ihrem Kunstprojekt „4 Türme“ reflektieren seither Andy Dino Iussa und Olaf Reitz Fragen, die uns alle angehen. Pünktlich zum einsetzenden Sonnenuntergang wird ein Turm illuminiert. Aus dem Turm ertönt dessen Stimme (im Studio aufgenommen), die in Dialog mit uns tritt &#8211; vertreten durch den Schauspieler Reitz. Renommierte Solo-Musiker kommentieren die Collagen aus Literaturfragmenten, die sich aus Texten von Aischylos über Shakespeare, Goethe, Brecht bis zu Gegenwartsautoren speisen.</span></p>
<p><span style="font-family: Encode Sans Narrow,sans-serif;"><b>Wort &amp; Klang, Atmosphäre &amp; Begegnung</b>: Die Veranstaltungen münden in wunderschöne Frühsommerabende. Auf dem Vorplatz von Kirche oder Schloss tauschen Besucher, Anwohner und Künstler sich in stimmungsvoller Atmosphäre bei Wein oder Saft und Brot über das Erlebte aus. Diese Abende zwischen Theater, Literatur, Performance und Musik sind einzigartig im Land.</span></p>
<h1><span style="font-family: Encode Sans Narrow,sans-serif;"><span style="font-size: medium;"><b>Ausweitung ins Bergische Land 2016</b></span></span></h1>
<p><span style="font-family: Encode Sans Narrow,sans-serif;"><b>Das Projekt wurde bergisch</b>: Auf Anregung des Kulturfachrates der Regionalen Kulturpolitik haben wir im Mai 2016 nicht nur drei Türme in Wuppertal in Szene gesetzt, sondern auch zwei Orte in Remscheid und einen in Nümbrecht (Schloß Homburg). Es wurden also sechs statt, wie in den Vorjahren, vier Türme bespielt. Und dies erwies sich als gelungene Erweiterung, die wir 2017 fortsetzen wollen: Drei Türme in Wuppertal, einer in Remscheid, einer in Nümbrecht und ein &#8217;neuer&#8216; in Solingen Ohligs . . .<br />
</span></p>
<h1><span style="font-family: Encode Sans Narrow,sans-serif;"><span style="font-size: medium;"><b>Pressestimmen</b></span></span></h1>
<p>Die Stiftung Tannenhof holte ein interessantes Kunstprojekt nach Lüttringhausen. Rund hundert Besucher erlebten eine ungewöhnliche Mischung aus Theater, Literatur und Musik“ (Lüttringhauser Anzeiger)</p>
<p>„Gelungene Literaturperformance eröffnete ein sechsteiliges Kunstprojekt“ (Rheinische Post / Bergische Morgenpost)</p>
<p>„Sehnsucht nach Sicherheit – Literaturaufführung zeigt aktuelles Thema auf“ (Sonntagsblatt Ronsdorf/Lüttringhausen)</p>
<p>„Es war eine ungewöhnliche Abendstunde, die hoffentlich im nächsten Jahr wieder stattfindet. So die einhellige Meinung der Gäste, die bei Wein und Brot den Abend sichtlich genossen. Dr. Gudrun Sievers-Flägel freute sich dieses ungewöhnliche Projekt zu Gast zu haben“ (Lokal-Anzeiger Nümbrecht Waldbröhl)</p>
<p>„Gedankenwelt von Goethe bis Brecht: Die Zuhörer waren am Ende der Literatur- und Musikstunde begeistert, drückten ihren Wunsch nach Wiederholung aus“ (Kölnische Rundschau / Oberbergische Volkszeitung)</p>
<p>„Während die Sonne nach und nach verschwand, wurden die nahezu 100 Zuhörer von der Atmosphäre vor dem blau und grün angestrahlten Lüttringhauser Kirchturm immer stärker gebannt“ (Remscheider General-Anzeiger)</p>

<p>Seit 2011 ergreifen Türme sonntags im Mai das Wort. Mit ihrem Kunstprojekt „4 Türme“ reflektieren seither Andy Dino Iussa und Olaf Reitz Fragen, die uns alle angehen. Pünktlich zum einsetzenden Sonnenuntergang wird ein Turm illuminiert. Aus dem Turm ertönt dessen &hellip; <a href="http://viertuerme.de/?page_id=747">Weiterlesen <span class="meta-nav">&rarr;</span></a></p>
