{"id":262,"date":"2015-02-05T13:21:29","date_gmt":"2015-02-05T13:21:29","guid":{"rendered":"http:\/\/viertuerme.de\/?page_id=262"},"modified":"2015-02-05T13:24:22","modified_gmt":"2015-02-05T13:24:22","slug":"2014-2","status":"publish","type":"page","link":"http:\/\/viertuerme.de\/?page_id=262","title":{"rendered":"2014"},"content":{"rendered":"<p>Zum ersten Mal gab es 2014:<br \/>\n<img loading=\"lazy\" decoding=\"async\" class=\" size-full wp-image-243 alignleft\" src=\"http:\/\/viertuerme.de\/wp-content\/uploads\/logo-TURM4KIDs.gif\" alt=\"logo-TURM4KIDs\" width=\"280\" height=\"252\" \/><strong><big>Turm 4 Kids<\/big><\/strong><br \/>\nMontag, 06. Januar 2014 ab 16.30 Uhr<br \/>\nSt. Antonius<br \/>\nUnterd\u00f6rnen 137<br \/>\n42275 Wuppertal<\/p>\n<p>\u201eWenn die sprechenden T\u00fcrme Erwachsene so begeistern \u2013 wie toll muss das erst f\u00fcr Kinder sein?\u201c<br \/>\nDiese Frage richtete letztes Jahr die Gemeindereferintin von St. Antonius, Angela Gotzhein, an Olaf Reitz und Andy Dino Iussa.<br \/>\nDie beiden K\u00fcnstler haben die Literaturperformance \u201e4 T\u00fcrme\u201c entwickelt, in der seit 2011 j\u00e4hrlich im Mai Wuppertaler Kircht\u00fcrme das Wort erheben und die jedes Jahr mehr BesucherInnen z\u00e4hlt.<\/p>\n<p>Diese wachsende und sehr positive Resonanz auf die Reihe der 4 T\u00fcrme in den letzten drei Jahren hat die K\u00fcnstler darin best\u00e4tigt, dass die Mischung aus Theater, Literatur, Performance und Musik ein geeignetes Format ist, Menschen zu ber\u00fchren, gar zu begeistern und \u201eihren\u201c Kirchturm ganz neu erleben zu lassen.<\/p>\n<p>Ausgehend von diesen Erfahrungen haben Reitz und Iussa nun Angela Gotzheins Anregung aufgegriffen und den Turm von St. Antonius am Alten Markt in Barmen f\u00fcr Kinder inszeniert.<\/p>\n<p><strong><a title=\"Turm4KIDS\" href=\"http:\/\/viertuerme.de\/?page_id=204\">Textausschnitt &amp; Fotos -&gt;<\/a><\/strong><\/p>\n<p><a href=\"http:\/\/www.wz-newsline.de\/lokales\/wuppertal\/stadtteile\/barmen\/st-antonius-wenn-der-kirchturm-zum-leben-erwacht-1.1521148\" target=\"_blank\"><strong>Zum WZ-Artikel -&gt;<\/strong><\/a><\/p>\n<p><strong><a title=\"Archiv\" href=\"http:\/\/viertuerme.de\/?page_id=12\">Zum Video -&gt;<\/a><\/strong><\/p>\n","protected":false},"excerpt":{"rendered":"<p>Zum ersten Mal gab es 2014: Turm 4 Kids Montag, 06. Januar 2014 ab 16.30 Uhr St. Antonius Unterd\u00f6rnen 137 42275 Wuppertal \u201eWenn die sprechenden T\u00fcrme Erwachsene so begeistern \u2013 wie toll muss das erst f\u00fcr Kinder sein?\u201c Diese Frage &hellip; <a href=\"http:\/\/viertuerme.de\/?page_id=262\">Weiterlesen <span class=\"meta-nav\">&rarr;<\/span><\/a><\/p>\n","protected":false},"author":3,"featured_media":0,"parent":12,"menu_order":0,"comment_status":"closed","ping_status":"closed","template":"","meta":{"footnotes":""},"class_list":["post-262","page","type-page","status-publish","hentry"],"_links":{"self":[{"href":"http:\/\/viertuerme.de\/index.php?rest_route=\/wp\/v2\/pages\/262","targetHints":{"allow":["GET"]}}],"collection":[{"href":"http:\/\/viertuerme.de\/index.php?rest_route=\/wp\/v2\/pages"}],"about":[{"href":"http:\/\/viertuerme.de\/index.php?rest_route=\/wp\/v2\/types\/page"}],"author":[{"embeddable":true,"href":"http:\/\/viertuerme.de\/index.php?rest_route=\/wp\/v2\/users\/3"}],"replies":[{"embeddable":true,"href":"http:\/\/viertuerme.de\/index.php?rest_route=%2Fwp%2Fv2%2Fcomments&post=262"}],"version-history":[{"count":3,"href":"http:\/\/viertuerme.de\/index.php?rest_route=\/wp\/v2\/pages\/262\/revisions"}],"predecessor-version":[{"id":267,"href":"http:\/\/viertuerme.de\/index.php?rest_route=\/wp\/v2\/pages\/262\/revisions\/267"}],"up":[{"embeddable":true,"href":"http:\/\/viertuerme.de\/index.php?rest_route=\/wp\/v2\/pages\/12"}],"wp:attachment":[{"href":"http:\/\/viertuerme.de\/index.php?rest_route=%2Fwp%2Fv2%2Fmedia&parent=262"}],"curies":[{"name":"wp","href":"https:\/\/api.w.org\/{rel}","templated":true}]}}

<p>Zum ersten Mal gab es 2014:<br />
<img loading="lazy" decoding="async" class=" size-full wp-image-243 alignleft" src="http://viertuerme.de/wp-content/uploads/logo-TURM4KIDs.gif" alt="logo-TURM4KIDs" width="280" height="252" /><strong><big>Turm 4 Kids</big></strong><br />
Montag, 06. Januar 2014 ab 16.30 Uhr<br />
St. Antonius<br />
Unterdörnen 137<br />
42275 Wuppertal</p>
<p>„Wenn die sprechenden Türme Erwachsene so begeistern – wie toll muss das erst für Kinder sein?“<br />
Diese Frage richtete letztes Jahr die Gemeindereferintin von St. Antonius, Angela Gotzhein, an Olaf Reitz und Andy Dino Iussa.<br />
Die beiden Künstler haben die Literaturperformance „4 Türme“ entwickelt, in der seit 2011 jährlich im Mai Wuppertaler Kirchtürme das Wort erheben und die jedes Jahr mehr BesucherInnen zählt.</p>
<p>Diese wachsende und sehr positive Resonanz auf die Reihe der 4 Türme in den letzten drei Jahren hat die Künstler darin bestätigt, dass die Mischung aus Theater, Literatur, Performance und Musik ein geeignetes Format ist, Menschen zu berühren, gar zu begeistern und „ihren“ Kirchturm ganz neu erleben zu lassen.</p>
<p>Ausgehend von diesen Erfahrungen haben Reitz und Iussa nun Angela Gotzheins Anregung aufgegriffen und den Turm von St. Antonius am Alten Markt in Barmen für Kinder inszeniert.</p>
<p><strong><a title="Turm4KIDS" href="http://viertuerme.de/?page_id=204">Textausschnitt &amp; Fotos -&gt;</a></strong></p>
<p><a href="http://www.wz-newsline.de/lokales/wuppertal/stadtteile/barmen/st-antonius-wenn-der-kirchturm-zum-leben-erwacht-1.1521148" target="_blank"><strong>Zum WZ-Artikel -&gt;</strong></a></p>
<p><strong><a title="Archiv" href="http://viertuerme.de/?page_id=12">Zum Video -&gt;</a></strong></p>

<p>Zum ersten Mal gab es 2014: Turm 4 Kids Montag, 06. Januar 2014 ab 16.30 Uhr St. Antonius Unterdörnen 137 42275 Wuppertal „Wenn die sprechenden Türme Erwachsene so begeistern – wie toll muss das erst für Kinder sein?“ Diese Frage &hellip; <a href="http://viertuerme.de/?page_id=262">Weiterlesen <span class="meta-nav">&rarr;</span></a></p>
