{"id":20,"date":"2013-04-10T07:41:26","date_gmt":"2013-04-10T07:41:26","guid":{"rendered":"http:\/\/viertuerme.de\/?page_id=20"},"modified":"2015-04-08T06:56:04","modified_gmt":"2015-04-08T06:56:04","slug":"26-mai","status":"publish","type":"page","link":"http:\/\/viertuerme.de\/?page_id=20","title":{"rendered":"26. Mai 2013"},"content":{"rendered":"<h1><a href=\"http:\/\/viertuerme.de\/wp-content\/uploads\/mariae1.jpg\" target=\"_blank\"><img loading=\"lazy\" decoding=\"async\" class=\"alignright size-medium wp-image-165\" alt=\"mariae1\" src=\"http:\/\/viertuerme.de\/wp-content\/uploads\/mariae1-200x300.jpg\" width=\"200\" height=\"300\" srcset=\"http:\/\/viertuerme.de\/wp-content\/uploads\/mariae1-200x300.jpg 200w, http:\/\/viertuerme.de\/wp-content\/uploads\/mariae1.jpg 534w\" sizes=\"auto, (max-width: 200px) 100vw, 200px\" \/><\/a>26. Mai 2013 21:31 Uhr<\/h1>\n<p>&nbsp;<\/p>\n<p><span style=\"color: #003300;\"><strong>\u00bb Wieviel Erde braucht der Mensch? \u00ab<\/strong><\/span><\/p>\n<p>St. Mari\u00e4 Empf\u00e4ngnis<br \/>\nN 51\u00b0 13&#8242; 48.886&#8243;<br \/>\nO 07\u00b0 04&#8242; 16.064&#8243;<br \/>\nEdith-Stein-Str. 15<br \/>\nWuppertal Vohwinkel<\/p>\n<p>&nbsp;<\/p>\n<p><strong>Gastmusikerin: Ulrike M\u00fcnch \/ Cello<\/strong><\/p>\n<p><strong>Mariae<\/strong>[audio:http:\/\/viertuerme.de\/wp-content\/uploads\/audio\/Mariae_live_01.mp3|titles=2013 Mariae &#8211; URSTOFF Erde]<\/p>\n<p><a href=\"http:\/\/viertuerme.de\/wp-content\/uploads\/mariae2.jpg\" target=\"_blank\"><img loading=\"lazy\" decoding=\"async\" class=\"size-medium wp-image-166 alignnone\" alt=\"mariae2\" src=\"http:\/\/viertuerme.de\/wp-content\/uploads\/mariae2-300x200.jpg\" width=\"300\" height=\"200\" srcset=\"http:\/\/viertuerme.de\/wp-content\/uploads\/mariae2-300x200.jpg 300w, http:\/\/viertuerme.de\/wp-content\/uploads\/mariae2-449x300.jpg 449w, http:\/\/viertuerme.de\/wp-content\/uploads\/mariae2.jpg 800w\" sizes=\"auto, (max-width: 300px) 100vw, 300px\" \/><\/a><\/p>\n<p><span style=\"color: #003300;\"><em>TURM:<br \/>\n<\/em>Die Erde gew\u00e4hrt dem nichts, der nichts der Erde gew\u00e4hrt.<\/span><\/p>\n<p><span style=\"color: #003300;\"> <em>MENSCH:<br \/>\n<\/em>Also moralische Kategorien sind hier unverantwortlich! Moralische Kategorien sind nur in Hinterk\u00f6pfen zu Hause, aber die handeln nicht. Juristische Kategorien handeln. Deshalb kann ich hier nur aufrufen, Jura zu studiern und keine weiteren moralischen Kategorien zu propagiern! (zum Publikum) Geht nach Hause und studiert Jura.<\/span><\/p>\n<p><span style=\"color: #003300;\"> <em>TURM:<\/em><\/span><br \/>\n<span style=\"color: #003300;\">Was denkst Du, wer Du bist?! Du sagst, Du bist ein Schauspieler, dabei h\u00f6ren alle gleich, dass Du nur ein piepsendes H\u00e4uflein bist! Das kann ich Dir von hier oben nur best\u00e4tigen.<\/span><\/p>\n<p><span style=\"color: #003300;\"> <em>MENSCH:<\/em><\/span><br \/>\n<span style=\"color: #003300;\">Ich versuche, meinen K\u00f6rper in gutem Zustand zu erhalten. Da ist etwas, dass man tun m\u00fcsste, ich tue es nicht. Man hat es mich nicht gelehrt.<\/span><\/p>\n<p><span style=\"color: #003300;\"> <em>TURM:<\/em> <\/span><br \/>\n<span style=\"color: #003300;\">Hast Du nicht als Kind eine Muschel an Dein Ohr gehalten und gelauscht\u2026, hast Dein Herzblut darin rauschen geh\u00f6rt, das Wandern Deiner Gedanken im Hirn, das Bersten von tausend d\u00fcnnen, abgenutzten F\u00e4den in dem Gewebe Deines K\u00f6rpers\u2026Das alles h\u00f6rst Du in einer kleinen Muschel, dann stell Dir vor, was in der gro\u00dfen Muschel Erde alles zu h\u00f6ren ist!<\/span><br \/>\n<a href=\"http:\/\/viertuerme.de\/wp-content\/uploads\/mariae3.jpg\" target=\"_blank\"><img loading=\"lazy\" decoding=\"async\" class=\"size-medium wp-image-167 alignnone\" alt=\"mariae3\" src=\"http:\/\/viertuerme.de\/wp-content\/uploads\/mariae3-300x121.jpg\" width=\"300\" height=\"121\" srcset=\"http:\/\/viertuerme.de\/wp-content\/uploads\/mariae3-300x121.jpg 300w, http:\/\/viertuerme.de\/wp-content\/uploads\/mariae3-500x202.jpg 500w, http:\/\/viertuerme.de\/wp-content\/uploads\/mariae3.jpg 800w\" sizes=\"auto, (max-width: 300px) 100vw, 300px\" \/><\/a><span style=\"color: #003300;\"><em><br \/>\nMENSCH:<\/em> <\/span><br \/>\n<span style=\"color: #003300;\">Ich h\u00f6re nichts, nur ein leises Sausen des Windes.<\/span><\/p>\n<p><span style=\"color: #003300;\"> <em>TURM:<\/em> <\/span><br \/>\n<span style=\"color: #003300;\">Dann h\u00f6re, was darin erklingt! H\u00f6re! Die Klage der Winde. H\u00f6re!<\/span><\/p>\n","protected":false},"excerpt":{"rendered":"<p>26. Mai 2013 21:31 Uhr &nbsp; \u00bb Wieviel Erde braucht der Mensch? \u00ab St. Mari\u00e4 Empf\u00e4ngnis N 51\u00b0 13&#8242; 48.886&#8243; O 07\u00b0 04&#8242; 16.064&#8243; Edith-Stein-Str. 15 Wuppertal Vohwinkel &nbsp; Gastmusikerin: Ulrike M\u00fcnch \/ Cello Mariae[audio:http:\/\/viertuerme.de\/wp-content\/uploads\/audio\/Mariae_live_01.mp3|titles=2013 Mariae &#8211; URSTOFF Erde] TURM: &hellip; <a href=\"http:\/\/viertuerme.de\/?page_id=20\">Weiterlesen <span class=\"meta-nav\">&rarr;<\/span><\/a><\/p>\n","protected":false},"author":3,"featured_media":0,"parent":245,"menu_order":0,"comment_status":"closed","ping_status":"closed","template":"","meta":{"footnotes":""},"class_list":["post-20","page","type-page","status-publish","hentry"],"_links":{"self":[{"href":"http:\/\/viertuerme.de\/index.php?rest_route=\/wp\/v2\/pages\/20","targetHints":{"allow":["GET"]}}],"collection":[{"href":"http:\/\/viertuerme.de\/index.php?rest_route=\/wp\/v2\/pages"}],"about":[{"href":"http:\/\/viertuerme.de\/index.php?rest_route=\/wp\/v2\/types\/page"}],"author":[{"embeddable":true,"href":"http:\/\/viertuerme.de\/index.php?rest_route=\/wp\/v2\/users\/3"}],"replies":[{"embeddable":true,"href":"http:\/\/viertuerme.de\/index.php?rest_route=%2Fwp%2Fv2%2Fcomments&post=20"}],"version-history":[{"count":14,"href":"http:\/\/viertuerme.de\/index.php?rest_route=\/wp\/v2\/pages\/20\/revisions"}],"predecessor-version":[{"id":194,"href":"http:\/\/viertuerme.de\/index.php?rest_route=\/wp\/v2\/pages\/20\/revisions\/194"}],"up":[{"embeddable":true,"href":"http:\/\/viertuerme.de\/index.php?rest_route=\/wp\/v2\/pages\/245"}],"wp:attachment":[{"href":"http:\/\/viertuerme.de\/index.php?rest_route=%2Fwp%2Fv2%2Fmedia&parent=20"}],"curies":[{"name":"wp","href":"https:\/\/api.w.org\/{rel}","templated":true}]}}

<h1><a href="http://viertuerme.de/wp-content/uploads/mariae1.jpg" target="_blank"><img loading="lazy" decoding="async" class="alignright size-medium wp-image-165" alt="mariae1" src="http://viertuerme.de/wp-content/uploads/mariae1-200x300.jpg" width="200" height="300" srcset="http://viertuerme.de/wp-content/uploads/mariae1-200x300.jpg 200w, http://viertuerme.de/wp-content/uploads/mariae1.jpg 534w" sizes="auto, (max-width: 200px) 100vw, 200px" /></a>26. Mai 2013 21:31 Uhr</h1>
<p>&nbsp;</p>
<p><span style="color: #003300;"><strong>» Wieviel Erde braucht der Mensch? «</strong></span></p>
<p>St. Mariä Empfängnis<br />
N 51° 13&#8242; 48.886&#8243;<br />
O 07° 04&#8242; 16.064&#8243;<br />
Edith-Stein-Str. 15<br />
Wuppertal Vohwinkel</p>
<p>&nbsp;</p>
<p><strong>Gastmusikerin: Ulrike Münch / Cello</strong></p>
<p><strong>Mariae</strong>[audio:http://viertuerme.de/wp-content/uploads/audio/Mariae_live_01.mp3|titles=2013 Mariae &#8211; URSTOFF Erde]</p>
<p><a href="http://viertuerme.de/wp-content/uploads/mariae2.jpg" target="_blank"><img loading="lazy" decoding="async" class="size-medium wp-image-166 alignnone" alt="mariae2" src="http://viertuerme.de/wp-content/uploads/mariae2-300x200.jpg" width="300" height="200" srcset="http://viertuerme.de/wp-content/uploads/mariae2-300x200.jpg 300w, http://viertuerme.de/wp-content/uploads/mariae2-449x300.jpg 449w, http://viertuerme.de/wp-content/uploads/mariae2.jpg 800w" sizes="auto, (max-width: 300px) 100vw, 300px" /></a></p>
<p><span style="color: #003300;"><em>TURM:<br />
</em>Die Erde gewährt dem nichts, der nichts der Erde gewährt.</span></p>
<p><span style="color: #003300;"> <em>MENSCH:<br />
</em>Also moralische Kategorien sind hier unverantwortlich! Moralische Kategorien sind nur in Hinterköpfen zu Hause, aber die handeln nicht. Juristische Kategorien handeln. Deshalb kann ich hier nur aufrufen, Jura zu studiern und keine weiteren moralischen Kategorien zu propagiern! (zum Publikum) Geht nach Hause und studiert Jura.</span></p>
<p><span style="color: #003300;"> <em>TURM:</em></span><br />
<span style="color: #003300;">Was denkst Du, wer Du bist?! Du sagst, Du bist ein Schauspieler, dabei hören alle gleich, dass Du nur ein piepsendes Häuflein bist! Das kann ich Dir von hier oben nur bestätigen.</span></p>
<p><span style="color: #003300;"> <em>MENSCH:</em></span><br />
<span style="color: #003300;">Ich versuche, meinen Körper in gutem Zustand zu erhalten. Da ist etwas, dass man tun müsste, ich tue es nicht. Man hat es mich nicht gelehrt.</span></p>
<p><span style="color: #003300;"> <em>TURM:</em> </span><br />
<span style="color: #003300;">Hast Du nicht als Kind eine Muschel an Dein Ohr gehalten und gelauscht…, hast Dein Herzblut darin rauschen gehört, das Wandern Deiner Gedanken im Hirn, das Bersten von tausend dünnen, abgenutzten Fäden in dem Gewebe Deines Körpers…Das alles hörst Du in einer kleinen Muschel, dann stell Dir vor, was in der großen Muschel Erde alles zu hören ist!</span><br />
<a href="http://viertuerme.de/wp-content/uploads/mariae3.jpg" target="_blank"><img loading="lazy" decoding="async" class="size-medium wp-image-167 alignnone" alt="mariae3" src="http://viertuerme.de/wp-content/uploads/mariae3-300x121.jpg" width="300" height="121" srcset="http://viertuerme.de/wp-content/uploads/mariae3-300x121.jpg 300w, http://viertuerme.de/wp-content/uploads/mariae3-500x202.jpg 500w, http://viertuerme.de/wp-content/uploads/mariae3.jpg 800w" sizes="auto, (max-width: 300px) 100vw, 300px" /></a><span style="color: #003300;"><em><br />
MENSCH:</em> </span><br />
<span style="color: #003300;">Ich höre nichts, nur ein leises Sausen des Windes.</span></p>
<p><span style="color: #003300;"> <em>TURM:</em> </span><br />
<span style="color: #003300;">Dann höre, was darin erklingt! Höre! Die Klage der Winde. Höre!</span></p>

<p>26. Mai 2013 21:31 Uhr &nbsp; » Wieviel Erde braucht der Mensch? « St. Mariä Empfängnis N 51° 13&#8242; 48.886&#8243; O 07° 04&#8242; 16.064&#8243; Edith-Stein-Str. 15 Wuppertal Vohwinkel &nbsp; Gastmusikerin: Ulrike Münch / Cello Mariae[audio:http://viertuerme.de/wp-content/uploads/audio/Mariae_live_01.mp3|titles=2013 Mariae &#8211; URSTOFF Erde] TURM: &hellip; <a href="http://viertuerme.de/?page_id=20">Weiterlesen <span class="meta-nav">&rarr;</span></a></p>
